{"id":65,"date":"2025-05-31T13:07:00","date_gmt":"2025-05-31T13:07:00","guid":{"rendered":"https:\/\/carnesbrangus.com\/?page_id=65"},"modified":"2025-11-18T20:52:15","modified_gmt":"2025-11-18T20:52:15","slug":"quienes-somos","status":"publish","type":"page","link":"https:\/\/carnesbrangus.com\/index.php\/quienes-somos\/","title":{"rendered":"Quienes Somos"},"content":{"rendered":"\n<figure class=\"wp-block-image alignwide size-large\" style=\"border-radius: 30px; overflow: hidden;\">\n  <img loading=\"lazy\" decoding=\"async\" width=\"1024\" height=\"383\" src=\"https:\/\/carnesbrangus.com\/wp-content\/uploads\/2025\/06\/PlantaProcesadoraBrangusFloraIndustrial-1024x383.jpg\" alt=\"\" class=\"wp-image-258\" style=\"border-radius: 30px;\" srcset=\"https:\/\/carnesbrangus.com\/wp-content\/uploads\/2025\/06\/PlantaProcesadoraBrangusFloraIndustrial-1024x383.jpg 1024w, https:\/\/carnesbrangus.com\/wp-content\/uploads\/2025\/06\/PlantaProcesadoraBrangusFloraIndustrial-300x112.jpg 300w, https:\/\/carnesbrangus.com\/wp-content\/uploads\/2025\/06\/PlantaProcesadoraBrangusFloraIndustrial-768x288.jpg 768w, https:\/\/carnesbrangus.com\/wp-content\/uploads\/2025\/06\/PlantaProcesadoraBrangusFloraIndustrial-1536x575.jpg 1536w, https:\/\/carnesbrangus.com\/wp-content\/uploads\/2025\/06\/PlantaProcesadoraBrangusFloraIndustrial-600x225.jpg 600w, https:\/\/carnesbrangus.com\/wp-content\/uploads\/2025\/06\/PlantaProcesadoraBrangusFloraIndustrial.jpg 1920w\" sizes=\"auto, (max-width: 1024px) 100vw, 1024px\" \/>\n<\/figure>\n\n\n\n<section style=\"font-family: 'Segoe UI', sans-serif; font-size: 16px; color: #333; text-align: justify; padding: 20px;\">\n  <h2 style=\"text-align: center; color: #800000;\">Qui\u00e9nes Somos<\/h2>\n  <p>\n    En Carnes Brangus llevamos m\u00e1s de 40 a\u00f1os siendo referentes en el procesamiento, comercializaci\u00f3n y distribuci\u00f3n de carnes frescas, maduras y procesadas en Colombia. Nuestra trayectoria nos respalda como una empresa vallecaucana comprometida con la calidad, la innovaci\u00f3n y el bienestar de nuestros clientes. Trabajamos bajo estrictos est\u00e1ndares sanitarios y tecnol\u00f3gicos, apoyados por certificaciones nacionales e internacionales que garantizan la inocuidad de nuestros productos. Cada proceso, desde el desposte hasta la entrega, est\u00e1 respaldado por un equipo humano altamente capacitado y comprometido.\n  <\/p>\n\n\n\n<div class=\"wp-block-columns is-layout-flex wp-container-core-columns-is-layout-28f84493 wp-block-columns-is-layout-flex\">\n<div class=\"wp-block-column is-layout-flow wp-block-column-is-layout-flow\">\n<section style=\"font-family: 'Segoe UI', sans-serif; font-size: 16px; color: #333; text-align: center; padding: 20px;\">\n  <div style=\"margin-bottom: 10px;\">\n    <a href=\"https:\/\/carnesbrangus.com\/index.php\/nuestra-historia\/\" class=\"section-link\">\n      <div style=\"\n        width: 200px;\n        height: 200px;\n        overflow: hidden;\n        display: inline-block;\n        border-radius: 8px;\n        box-shadow: 0 2px 6px rgba(0,0,0,0.3);\n      \">\n        <img decoding=\"async\" src=\"https:\/\/carnesbrangus.com\/wp-content\/uploads\/2025\/06\/NustraHsitoriaBrangus.jpg\" \n             alt=\"\u00cdcono historia\" \n             style=\"width: 100%; height: auto;\">\n      <\/div>\n    <\/a>\n    <h3 style=\"color: #800000; margin: 5px 0;\">\n      <a href=\"https:\/\/carnesbrangus.com\/index.php\/nuestra-historia\/\" class=\"cert-link\">Nuestra Historia<\/a>\n    <\/h3>\n  <\/div>\n  <p>\nConoce el camino que nos ha llevado a convertirnos en l\u00edderes del sector c\u00e1rnico.\n  <\/p>\n<\/section>\n\n<style>\n  .cert-link {\n    color: #800000;\n    text-decoration: none;\n    transition: color 0.3s ease;\n  }\n  .cert-link:hover {\n    color: #b30000; \n  }\n<\/style>\n<\/div>\n\n\n\n<div class=\"wp-block-column is-layout-flow wp-block-column-is-layout-flow\">\n<section style=\"font-family: 'Segoe UI', sans-serif; font-size: 16px; color: #333; text-align: center; padding: 20px;\">\n  <div style=\"margin-bottom: 10px;\">\n    <a href=\"https:\/\/carnesbrangus.com\/index.php\/certificaciones\/\" class=\"section-link\">\n      <div style=\"\n        width: 200px;\n        height: 200px;\n        overflow: hidden;\n        display: inline-block;\n        border-radius: 8px;\n        box-shadow: 0 2px 6px rgba(0,0,0,0.3);\n      \">\n        <img decoding=\"async\" src=\"https:\/\/carnesbrangus.com\/wp-content\/uploads\/2025\/06\/CertificacionesBrangus.jpg\" \n             alt=\"\u00cdcono historia\" \n             style=\"width: 100%; height: auto;\">\n      <\/div>\n    <\/a>\n    <h3 style=\"color: #800000; margin: 5px 0;\">\n      <a href=\"https:\/\/carnesbrangus.com\/index.php\/certificaciones\/\" class=\"cert-link\">Certificaciones<\/a>\n    <\/h3>\n  <\/div>\n  <p>\nDescubre las certificaciones nacionales que respaldan nuestros procesos.\n  <\/p>\n<\/section>\n\n<style>\n  .cert-link {\n    color: #800000;\n    text-decoration: none;\n    transition: color 0.3s ease;\n  }\n  .cert-link:hover {\n    color: #b30000; \n  }\n<\/style>\n<\/div>\n\n\n\n<div class=\"wp-block-column is-layout-flow wp-block-column-is-layout-flow\">\n<section style=\"font-family: 'Segoe UI', sans-serif; font-size: 16px; color: #333; text-align: center; padding: 20px;\">\n  <div style=\"margin-bottom: 10px;\">\n<a href=\"https:\/\/carnesbrangus.com\/index.php\/gestion-calidad\/\" class=\"section-link\">\n      <div style=\"\n        width: 200px;\n        height: 200px;\n        overflow: hidden;\n        display: inline-block;\n        border-radius: 8px;\n        box-shadow: 0 2px 6px rgba(0,0,0,0.3);\n      \">\n        <img decoding=\"async\" src=\"https:\/\/carnesbrangus.com\/wp-content\/uploads\/2025\/06\/GestionCalidadBrangus.jpg\" \n             alt=\"\u00cdcono historia\" \n             style=\"width: 100%; height: auto;\">\n      <\/div>\n    <\/a>\n    <h3 style=\"color: #800000; margin: 5px 0;\">\n      <a href=\"https:\/\/carnesbrangus.com\/index.php\/gestion-calidad\/\" class=\"section-link\">Gesti\u00f3n &#038; Calidad<\/a>\n    <\/h3>\n  <\/div>\n  <p>\nAs\u00ed aseguramos la excelencia: tecnolog\u00eda, control y mejora continua.\n  <\/p>\n<\/section>\n<style>\n  .section-link {\n    color: #800000;\n    text-decoration: none;\n    transition: color 0.3s ease;\n  }\n  .section-link:hover {\n    color: #b30000;\n  }\n<\/style>\n<\/div>\n<\/div>\n\n\n\n<div class=\"wp-block-columns is-layout-flex wp-container-core-columns-is-layout-28f84493 wp-block-columns-is-layout-flex\">\n<div class=\"wp-block-column is-layout-flow wp-block-column-is-layout-flow\">\n<section style=\"font-family: 'Segoe UI', sans-serif; font-size: 16px; color: #333; text-align: center; padding: 20px;\">\n  <div style=\"margin-bottom: 10px;\">\n    <a href=\"https:\/\/carnesbrangus.com\/index.php\/puntos-de-venta\/\" class=\"section-link\">\n      <div style=\"\n        width: 200px;\n        height: 200px;\n        overflow: hidden;\n        display: inline-block;\n        border-radius: 8px;\n        box-shadow: 0 2px 6px rgba(0,0,0,0.3);\n      \">\n        <img decoding=\"async\" src=\"https:\/\/carnesbrangus.com\/wp-content\/uploads\/2025\/11\/PuntoC-1-scaled-e1763498799243.png\" \n             alt=\"\u00cdcono historia\" \n             style=\"width: 100%; height: auto;\">\n      <\/div>\n    <\/a>\n    <h3 style=\"color: #800000; margin: 5px 0;\">\n      <a href=\"https:\/\/carnesbrangus.com\/index.php\/puntos-de-venta\/\" class=\"cert-link\">Puntos de Venta\n<\/a>\n    <\/h3>\n  <\/div>\n  <p>\nContamos con una red de puntos de venta que garantiza frescura, atenci\u00f3n y confianza.\n  <\/p>\n<\/section>\n\n<style>\n  .cert-link {\n    color: #800000;\n    text-decoration: none;\n    transition: color 0.3s ease;\n  }\n  .cert-link:hover {\n    color: #b30000; \n  }\n<\/style>\n<\/div>\n\n\n\n<div class=\"wp-block-column is-layout-flow wp-block-column-is-layout-flow\">\n<section style=\"font-family: 'Segoe UI', sans-serif; font-size: 16px; color: #333; text-align: center; padding: 20px;\">\n  <div style=\"margin-bottom: 10px;\">\n    <a href=\"https:\/\/carnesbrangus.com\/index.php\/talento-humano\/\" class=\"section-link\">\n      <div style=\"\n        width: 200px;\n        height: 200px;\n        overflow: hidden;\n        display: inline-block;\n        border-radius: 8px;\n        box-shadow: 0 2px 6px rgba(0,0,0,0.3);\n      \">\n        <img decoding=\"async\" src=\"https:\/\/carnesbrangus.com\/wp-content\/uploads\/2025\/06\/TalentoHumanoBrangus.jpg\" \n             alt=\"\u00cdcono historia\" \n             style=\"width: 100%; height: auto;\">\n      <\/div>\n    <\/a>\n    <h3 style=\"color: #800000; margin: 5px 0;\">\n      <a href=\"https:\/\/carnesbrangus.com\/index.php\/talento-humano\/\" class=\"cert-link\">Talento Humano\n<\/a>\n    <\/h3>\n  <\/div>\n  <p>\nNuestro equipo es el motor de nuestro crecimiento. Apostamos por el desarrollo.\n  <\/p>\n<\/section>\n\n<style>\n  .cert-link {\n    color: #800000;\n    text-decoration: none;\n    transition: color 0.3s ease;\n  }\n  .cert-link:hover {\n    color: #b30000; \n  }\n<\/style>\n<\/div>\n\n\n\n<div class=\"wp-block-column is-layout-flow wp-block-column-is-layout-flow\">\n<section style=\"font-family: 'Segoe UI', sans-serif; font-size: 16px; color: #333; text-align: center; padding: 20px;\">\n  <div style=\"margin-bottom: 10px;\">\n<a href=\"https:\/\/carnesbrangus.com\/index.php\/internacionalizacion\/\" class=\"section-link\">\n      <div style=\"\n        width: 200px;\n        height: 200px;\n        overflow: hidden;\n        display: inline-block;\n        border-radius: 8px;\n        box-shadow: 0 2px 6px rgba(0,0,0,0.3);\n      \">\n        <img decoding=\"async\" src=\"https:\/\/carnesbrangus.com\/wp-content\/uploads\/2025\/06\/InternacionalizacionBrangus.jpg\" \n             alt=\"\u00cdcono historia\" \n             style=\"width: 100%; height: auto;\">\n      <\/div>\n    <\/a>\n    <h3 style=\"color: #800000; margin: 5px 0;\">\n      <a href=\"https:\/\/carnesbrangus.com\/index.php\/internacionalizacion\/\" class=\"section-link\">Internacionalizaci\u00f3n\n<\/a>\n    <\/h3>\n  <\/div>\n  <p>\nLlevamos la calidad de nuestros productos m\u00e1s all\u00e1 de las fronteras.\n  <\/p>\n<\/section>\n<style>\n  .section-link {\n    color: #800000;\n    text-decoration: none;\n    transition: color 0.3s ease;\n  }\n  .section-link:hover {\n    color: #b30000;\n  }\n<\/style>\n<\/div>\n<\/div>\n\n\n\n<p><\/p>\n","protected":false},"excerpt":{"rendered":"<p>Qui\u00e9nes Somos En Carnes Brangus llevamos m\u00e1s de 40 a\u00f1os siendo referentes en el procesamiento, comercializaci\u00f3n y distribuci\u00f3n de carnes [&hellip;]<\/p>\n","protected":false},"author":1,"featured_media":0,"parent":0,"menu_order":0,"comment_status":"closed","ping_status":"closed","template":"","meta":{"site-sidebar-layout":"default","site-content-layout":"","ast-site-content-layout":"default","site-content-style":"default","site-sidebar-style":"default","ast-global-header-display":"","ast-banner-title-visibility":"","ast-main-header-display":"","ast-hfb-above-header-display":"","ast-hfb-below-header-display":"","ast-hfb-mobile-header-display":"","site-post-title":"","ast-breadcrumbs-content":"","ast-featured-img":"","footer-sml-layout":"","ast-disable-related-posts":"","theme-transparent-header-meta":"","adv-header-id-meta":"","stick-header-meta":"","header-above-stick-meta":"","header-main-stick-meta":"","header-below-stick-meta":"","astra-migrate-meta-layouts":"default","ast-page-background-enabled":"default","ast-page-background-meta":{"desktop":{"background-color":"var(--ast-global-color-5)","background-image":"","background-repeat":"repeat","background-position":"center center","background-size":"auto","background-attachment":"scroll","background-type":"","background-media":"","overlay-type":"","overlay-color":"","overlay-opacity":"","overlay-gradient":""},"tablet":{"background-color":"","background-image":"","background-repeat":"repeat","background-position":"center center","background-size":"auto","background-attachment":"scroll","background-type":"","background-media":"","overlay-type":"","overlay-color":"","overlay-opacity":"","overlay-gradient":""},"mobile":{"background-color":"","background-image":"","background-repeat":"repeat","background-position":"center center","background-size":"auto","background-attachment":"scroll","background-type":"","background-media":"","overlay-type":"","overlay-color":"","overlay-opacity":"","overlay-gradient":""}},"ast-content-background-meta":{"desktop":{"background-color":"var(--ast-global-color-4)","background-image":"","background-repeat":"repeat","background-position":"center center","background-size":"auto","background-attachment":"scroll","background-type":"","background-media":"","overlay-type":"","overlay-color":"","overlay-opacity":"","overlay-gradient":""},"tablet":{"background-color":"var(--ast-global-color-4)","background-image":"","background-repeat":"repeat","background-position":"center center","background-size":"auto","background-attachment":"scroll","background-type":"","background-media":"","overlay-type":"","overlay-color":"","overlay-opacity":"","overlay-gradient":""},"mobile":{"background-color":"var(--ast-global-color-4)","background-image":"","background-repeat":"repeat","background-position":"center center","background-size":"auto","background-attachment":"scroll","background-type":"","background-media":"","overlay-type":"","overlay-color":"","overlay-opacity":"","overlay-gradient":""}},"footnotes":""},"class_list":["post-65","page","type-page","status-publish","hentry"],"_links":{"self":[{"href":"https:\/\/carnesbrangus.com\/index.php\/wp-json\/wp\/v2\/pages\/65","targetHints":{"allow":["GET"]}}],"collection":[{"href":"https:\/\/carnesbrangus.com\/index.php\/wp-json\/wp\/v2\/pages"}],"about":[{"href":"https:\/\/carnesbrangus.com\/index.php\/wp-json\/wp\/v2\/types\/page"}],"author":[{"embeddable":true,"href":"https:\/\/carnesbrangus.com\/index.php\/wp-json\/wp\/v2\/users\/1"}],"replies":[{"embeddable":true,"href":"https:\/\/carnesbrangus.com\/index.php\/wp-json\/wp\/v2\/comments?post=65"}],"version-history":[{"count":88,"href":"https:\/\/carnesbrangus.com\/index.php\/wp-json\/wp\/v2\/pages\/65\/revisions"}],"predecessor-version":[{"id":1264,"href":"https:\/\/carnesbrangus.com\/index.php\/wp-json\/wp\/v2\/pages\/65\/revisions\/1264"}],"wp:attachment":[{"href":"https:\/\/carnesbrangus.com\/index.php\/wp-json\/wp\/v2\/media?parent=65"}],"curies":[{"name":"wp","href":"https:\/\/api.w.org\/{rel}","templated":true}]}}