{"id":126,"date":"2025-05-31T14:38:40","date_gmt":"2025-05-31T14:38:40","guid":{"rendered":"https:\/\/carnesbrangus.com\/?page_id=126"},"modified":"2025-06-03T00:24:14","modified_gmt":"2025-06-03T00:24:14","slug":"internacionalizacion","status":"publish","type":"page","link":"https:\/\/carnesbrangus.com\/index.php\/internacionalizacion\/","title":{"rendered":"Internacionalizaci\u00f3n"},"content":{"rendered":"\n<div class=\"wp-block-columns is-layout-flex wp-container-core-columns-is-layout-28f84493 wp-block-columns-is-layout-flex\">\n<div class=\"wp-block-column is-layout-flow wp-block-column-is-layout-flow\">\n<figure class=\"wp-block-video\"><video height=\"1280\" style=\"aspect-ratio: 720 \/ 1280;\" width=\"720\" controls src=\"https:\/\/carnesbrangus.com\/wp-content\/uploads\/2025\/06\/Siempre-estamos-listos-para-brindarte-carne-de-la-mas-alta-calidad-certificada-\ud83e\udd69cali-caliescai-colombia-calenos-jamundi-delifood-foodie-foodstime-time-top-cerdito.mp4\"><\/video><\/figure>\n<\/div>\n\n\n\n<div class=\"wp-block-column is-layout-flow wp-block-column-is-layout-flow\">\n<section style=\"font-family: 'Segoe UI', sans-serif; font-size: 16px; color: #333; text-align: center; padding: 20px;\">\n  <div style=\"margin-bottom: 10px;\">\n  <h2 style=\"text-align: center; color: #800000;\">Internacionalizaci\u00f3n<\/h2>\n  <\/div>\n  <p style=\"max-width: 800px; margin: 0 auto; text-align: justify;\">\nEn Carnes Brangus, nuestro compromiso con la calidad trasciende las fronteras nacionales. Actualmente nos encontramos en un s\u00f3lido proceso de internacionalizaci\u00f3n, enfocado en llevar nuestros productos c\u00e1rnicos a los mercados m\u00e1s exigentes del mundo, cumpliendo con altos est\u00e1ndares de inocuidad, trazabilidad, sostenibilidad y competitividad.\n  <\/p>\n  <br>\n  <p style=\"max-width: 800px; margin: 0 auto; text-align: justify;\">\nEste proceso estrat\u00e9gico contempla la adecuaci\u00f3n continua de nuestras operaciones a las normativas internacionales de exportaci\u00f3n, incluyendo exigencias sanitarias, requisitos fitosanitarios, certificaciones t\u00e9cnicas y par\u00e1metros log\u00edsticos. Hemos fortalecido nuestros protocolos bajo sistemas reconocidos globalmente como el HACCP (An\u00e1lisis de Peligros y Puntos Cr\u00edticos de Control), BPM (Buenas Pr\u00e1cticas de Manufactura) y cumplimos con el marco regulatorio nacional que armoniza con est\u00e1ndares de la Organizaci\u00f3n Mundial de Sanidad Animal (OMSA).\n  <\/p>\n  <br>\n  <p style=\"max-width: 800px; margin: 0 auto; text-align: justify;\">\nNuestra estrategia incluye alianzas comerciales con distribuidores internacionales, la participaci\u00f3n activa en ferias y misiones comerciales del sector c\u00e1rnico, as\u00ed como la implementaci\u00f3n de canales digitales que nos permiten conectar con compradores en Am\u00e9rica Latina, Norteam\u00e9rica, Europa y Asia. Cada uno de estos pasos responde a una visi\u00f3n clara: posicionar a Carnes Brangus como un referente de la carne colombiana a nivel global.\n  <\/p>\n  <br>\n  <p style=\"max-width: 800px; margin: 0 auto; text-align: justify;\">\nDesde nuestra planta en Cali, Valle del Cauca llevamos m\u00e1s de cuatro d\u00e9cadas perfeccionando el arte del desposte, la conservaci\u00f3n y la distribuci\u00f3n de carne bovina y porcina. Hoy, esa experiencia nos impulsa a explorar nuevos mercados con productos que no solo cumplen normas t\u00e9cnicas, sino que tambi\u00e9n representan el sabor, la tradici\u00f3n y la calidad del campo colombiano.\n  <\/p>\n<\/section>\n<\/div>\n<\/div>\n","protected":false},"excerpt":{"rendered":"<p>Internacionalizaci\u00f3n En Carnes Brangus, nuestro compromiso con la calidad trasciende las fronteras nacionales. Actualmente nos encontramos en un s\u00f3lido proceso [&hellip;]<\/p>\n","protected":false},"author":1,"featured_media":0,"parent":0,"menu_order":0,"comment_status":"closed","ping_status":"closed","template":"","meta":{"site-sidebar-layout":"default","site-content-layout":"","ast-site-content-layout":"default","site-content-style":"default","site-sidebar-style":"default","ast-global-header-display":"","ast-banner-title-visibility":"","ast-main-header-display":"","ast-hfb-above-header-display":"","ast-hfb-below-header-display":"","ast-hfb-mobile-header-display":"","site-post-title":"","ast-breadcrumbs-content":"","ast-featured-img":"","footer-sml-layout":"","ast-disable-related-posts":"","theme-transparent-header-meta":"","adv-header-id-meta":"","stick-header-meta":"","header-above-stick-meta":"","header-main-stick-meta":"","header-below-stick-meta":"","astra-migrate-meta-layouts":"default","ast-page-background-enabled":"default","ast-page-background-meta":{"desktop":{"background-color":"var(--ast-global-color-5)","background-image":"","background-repeat":"repeat","background-position":"center center","background-size":"auto","background-attachment":"scroll","background-type":"","background-media":"","overlay-type":"","overlay-color":"","overlay-opacity":"","overlay-gradient":""},"tablet":{"background-color":"","background-image":"","background-repeat":"repeat","background-position":"center center","background-size":"auto","background-attachment":"scroll","background-type":"","background-media":"","overlay-type":"","overlay-color":"","overlay-opacity":"","overlay-gradient":""},"mobile":{"background-color":"","background-image":"","background-repeat":"repeat","background-position":"center center","background-size":"auto","background-attachment":"scroll","background-type":"","background-media":"","overlay-type":"","overlay-color":"","overlay-opacity":"","overlay-gradient":""}},"ast-content-background-meta":{"desktop":{"background-color":"var(--ast-global-color-4)","background-image":"","background-repeat":"repeat","background-position":"center center","background-size":"auto","background-attachment":"scroll","background-type":"","background-media":"","overlay-type":"","overlay-color":"","overlay-opacity":"","overlay-gradient":""},"tablet":{"background-color":"var(--ast-global-color-4)","background-image":"","background-repeat":"repeat","background-position":"center center","background-size":"auto","background-attachment":"scroll","background-type":"","background-media":"","overlay-type":"","overlay-color":"","overlay-opacity":"","overlay-gradient":""},"mobile":{"background-color":"var(--ast-global-color-4)","background-image":"","background-repeat":"repeat","background-position":"center center","background-size":"auto","background-attachment":"scroll","background-type":"","background-media":"","overlay-type":"","overlay-color":"","overlay-opacity":"","overlay-gradient":""}},"footnotes":""},"class_list":["post-126","page","type-page","status-publish","hentry"],"_links":{"self":[{"href":"https:\/\/carnesbrangus.com\/index.php\/wp-json\/wp\/v2\/pages\/126","targetHints":{"allow":["GET"]}}],"collection":[{"href":"https:\/\/carnesbrangus.com\/index.php\/wp-json\/wp\/v2\/pages"}],"about":[{"href":"https:\/\/carnesbrangus.com\/index.php\/wp-json\/wp\/v2\/types\/page"}],"author":[{"embeddable":true,"href":"https:\/\/carnesbrangus.com\/index.php\/wp-json\/wp\/v2\/users\/1"}],"replies":[{"embeddable":true,"href":"https:\/\/carnesbrangus.com\/index.php\/wp-json\/wp\/v2\/comments?post=126"}],"version-history":[{"count":15,"href":"https:\/\/carnesbrangus.com\/index.php\/wp-json\/wp\/v2\/pages\/126\/revisions"}],"predecessor-version":[{"id":524,"href":"https:\/\/carnesbrangus.com\/index.php\/wp-json\/wp\/v2\/pages\/126\/revisions\/524"}],"wp:attachment":[{"href":"https:\/\/carnesbrangus.com\/index.php\/wp-json\/wp\/v2\/media?parent=126"}],"curies":[{"name":"wp","href":"https:\/\/api.w.org\/{rel}","templated":true}]}}